- 4*i = -28, 5*w + 3*i - 22 - 5 = 0. What is the remainder when c is divided by 84/9 - 1/w?
7
Let h = 11 + -1. Calculate the remainder when (-394)/(-8) + (-2)/8 is divided by h.
9
Calculate the remainder when 26*1 + 6/(-3) is divided by ((-3)/2)/((-3)/26).
11
Let u(r) = r + 2. Let i be u(-2). Let w(k) = -k**3 + k + 17. Let h be w(i). Let a = 32 - h. What is the remainder when 43 is divided by a?
13
Let u(h) = h**3 + 3*h**2 + 3*h + 4. Let n be u(-5). Let d = -33 - n. What is the remainder when 82 is divided by d?
26
Let w be (-10)/(-50) + 14/5. Suppose 4*z - 14 = -h, h = w*z - 4 + 25. Calculate the remainder when h is divided by 7.
4
Let x(g) = -g**2 + 5*g + 1. What is the remainder when x(5) is divided by (2/(-6))/(1/(-3))?
0
Calculate the remainder when 107 is divided by 20 - 10 - 4/(-2).
11
Let l(s) = -s**2 + 3*s + 12. Let p be l(-5). What is the remainder when 53 is divided by -1 + p/(-2) + 1?
11
Let r be (16/10)/(1/10). Suppose f - r - 25 = 0. Calculate the remainder when f is divided by (-2)/((12/(-21))/4).
13
What is the remainder when 15 is divided by (2 - (-24)/(-9)) + 56/12?
3
Suppose 3*q + 3 = 0, -4*s + 3*q = -0*s - 131. Suppose -4*n = -0*n - s. What is the remainder when n is divided by 3?
2
Let f = -6 + 8. What is the remainder when 3 is divided by f?
1
Let j = -48 - -71. Let u = -18 + 34. Suppose m = -m + u. Calculate the remainder when j is divided by m.
7
Let x(o) = 4*o - 4. Let d be x(5). Let w = -26 - -54. Let b = w - d. What is the remainder when 23 is divided by b?
11
Let u(m) = 2*m**2 + 11*m - 6. What is the remainder when u(-8) is divided by 9?
7
Suppose -2*c - 20 = -2*h, -4*h = -0*h + 4*c - 24. Suppose 0 = -5*l + 8*l + 45. Calculate the remainder when ((-44)/(-10))/((-3)/l) is divided by h.
6
Suppose 2*g + 0*g = 108. Calculate the remainder when g is divided by 30.
24
Suppose 0*m - 4*o + 2 = -m, -5*m = -5*o - 50. Calculate the remainder when 33 is divided by m.
5
Let d(s) = s**2 - 8*s + 6. Calculate the remainder when d(11) is divided by 20.
19
Calculate the remainder when 27 is divided by (-1)/((-42)/(-24) + -2).
3
Let d(u) = 1 + 1 - 9*u - 3. Let z be d(-1). Let a = 1 + z. Calculate the remainder when 16 is divided by a.
7
Let a(s) = 4*s - 1. Let p(u) = -1. Let g(f) = -a(f) - 4*p(f). Let j be (-1)/(-2) - 11/2. What is the remainder when g(j) is divided by 13?
12
Suppose 175 = -7*o + 469. Suppose -4*m - 3 = b, m + 3 = -0. What is the remainder when o is divided by b?
6
Let o = 3 - -2. Suppose 2*k + 39 = o*k. Calculate the remainder when k is divided by 8.
5
Suppose -2*x + 0*x = -10. Let c = 50 - 42. What is the remainder when c is divided by x?
3
Let j = 24 + -12. Suppose -l + 5*d = 1, -d + 3*d = -2*l + 46. Suppose 9 = 4*p - l. Calculate the remainder when j is divided by p.
5
Let h(n) = -n**3 - 9*n**2 - 8*n - 4. Let w be h(-8). Let f(t) = -9*t + 3. Calculate the remainder when f(-3) is divided by 2 + w + 0 - -18.
14
What is the remainder when (-3 - -2)/(4/(-48)) is divided by 5?
2
Suppose -3*i + 3*d + 51 = -0*d, 5*i = -d + 91. Calculate the remainder when 103 is divided by i.
13
Suppose -2 = 6*p - 7*p. What is the remainder when 932/28 + p/(-7) is divided by ((-17)/2)/((-1)/2)?
16
Let z = 48 + 188. Let c = z + -169. Calculate the remainder when c is divided by 14.
11
Suppose -w + 3*o - 1 = 0, -5*w - 2*o + 15 = 3*o. Suppose 2*q = -w*q + 212. What is the remainder when q is divided by 14?
11
Let u = 140 - 63. Let y = -54 + u. Suppose 0 = t - 6*t + 60. What is the remainder when y is divided by t?
11
Suppose 10*z - 7*z - 39 = 0. Calculate the remainder when 38 is divided by z.
12
Let s(h) = 3*h - 6. Let g be s(4). Suppose -g*n = -n - 75. Suppose -3*z + 1 - 44 = -5*j, -41 = -5*j + z. Calculate the remainder when n is divided by j.
7
Suppose 2*x = 5 - 1. Suppose -y = 3*t - 0*t - 127, 3*y - 94 = -x*t. Calculate the remainder when t is divided by 11.
8
Let f be (1/(-2) - -1)*12. Suppose 0 = 5*l - f - 59. Calculate the remainder when l is divided by 7.
6
Suppose d = 3*x + 97, 4*x - 343 = -4*d + d. Let h = d - 77. Calculate the remainder when h is divided by 2/(-4)*(-34)/1.
15
Let f = 23 + -2. What is the remainder when f is divided by 8?
5
Suppose m = 4*t - 8 - 10, -28 = -4*m - 4*t. Calculate the remainder when 63 is divided by ((-4)/(-4)*26)/m.
11
Suppose -5*w = 200 + 5. Let k = 75 + w. Let j = 48 - 30. Calculate the remainder when k is divided by j.
16
Let m be -1 - ((-6)/(-2) - 4). Let p(u) = u + 13. Calculate the remainder when 49 is divided by p(m).
10
Let m be 3/6*2*5. Suppose 3*f = -5*n + 30, -m*f + 14 = -n - 8. Let h = f - -4. Calculate the remainder when 24 is divided by h.
6
Let k(c) = c**2 - 1 - 8 + 10*c - 2*c**2. Let u = 35 + 9. Calculate the remainder when u is divided by k(6).
14
Suppose -11 = 2*m + 7. Let n = 19 + m. Calculate the remainder when 27 is divided by n.
7
Suppose -4*p + 29 = -19. What is the remainder when p is divided by 72/10 + (-4)/20?
5
Let q(y) = -y - 1. Let s be q(5). Let g = s + 19. Calculate the remainder when 25 is divided by g.
12
Let r(a) = -a**2 + 7*a - 2. Suppose 3*w - 25 + 7 = 0. What is the remainder when w is divided by r(6)?
2
Let p(a) = 13*a**2 + a. What is the remainder when 27 is divided by p(1)?
13
Let v(g) = -4*g**2 - 2*g + 1. Let k be v(-2). Suppose 7 + 35 = -2*t. Let z = k - t. What is the remainder when z is divided by 4?
2
Suppose -4*c + 4*f + 276 = 0, -3*c - f + 101 = -98. What is the remainder when c is divided by 18?
13
Let j(y) = -y. Calculate the remainder when 26 is divided by j(-9).
8
Let u(s) be the first derivative of -s**3/3 - s**2/2 + 4*s + 2. What is the remainder when 6 is divided by u(0)?
2
Let x(g) = 11*g**2 - 4*g - 5. Calculate the remainder when 37 is divided by x(-1).
7
Let l = -4 - -20. Let y be (-12)/2*(-23)/2. Suppose y + 23 = 2*r. What is the remainder when r is divided by l?
14
Let f be 4*(0 - 6/(-8)). Suppose 17 = f*w - 40. Calculate the remainder when w is divided by 5.
4
Suppose 4*c - 4*y = 9 + 127, 5*c - 134 = -4*y. Suppose -4 = -z + 3*i + c, 220 = 5*z - 5*i. What is the remainder when z is divided by 25?
24
Let f = 137 + -40. Calculate the remainder when f is divided by 14.
13
Calculate the remainder when 21 is divided by 116/10 - (7/(-5) - -1).
9
Let c(a) = a**3 + 8*a**2 + 4*a + 20. Calculate the remainder when c(-7) is divided by 16.
9
Calculate the remainder when 1 - ((-6 - 2) + -2) is divided by 4.
3
Let b = 10 + -7. Suppose -b*q + 6*q = 45. What is the remainder when 43 is divided by q?
13
Calculate the remainder when 18/(-5)*(552/(-16) - -7) is divided by (26 - 0)*1 - 1.
24
What is the remainder when ((-73)/2)/(5/(-10)) is divided by 19?
16
Let d(u) = -4*u - 24. Calculate the remainder when 45 is divided by d(-10).
13
Let k = 2 - -2. Suppose -r = n - 4, r = 2*n + k - 18. What is the remainder when (11 + -4 - -3) + 0 is divided by n?
4
Suppose -11 = -r - u + 17, -5*r + 4*u + 167 = 0. Let w(j) = -3*j - 4. Let o(c) = 2*c + 1. Let l be o(-3). What is the remainder when r is divided by w(l)?
9
Let v(m) = m + 5. Suppose r - 3 + 0 = 0. Suppose 0 = -4*i + r*i + 7. Calculate the remainder when v(8) is divided by i.
6
Suppose -135 = -12*b - 27. What is the remainder when 9 is divided by b?
0
Let u(v) = 4*v + 2. Let q be u(2). Let h = -10 + q. Suppose 5*f + 5*j - 90 = h, -3*j = -0*f - f + 6. What is the remainder when f is divided by 4?
3
Let n be -1 - (-3 - 73) - -2. Calculate the remainder when (-4)/22 - (-4711)/n is divided by 32.
29
Let i be (3/6)/((-4)/(-16)). Let o(f) = 26*f + 24*f**i + 1 - 26*f. What is the remainder when o(-1) is divided by 14?
11
Let y(r) = r**3 - 4*r**2 - 6*r - 2. Suppose 5*i + 39 + 26 = 5*u, -14 = -u + 2*i. Calculate the remainder when y(6) is divided by u.
10
Let x(q) = -q**2 + 15*q + 4. Let z = 29 + -14. What is the remainder when 10 is divided by x(z)?
2
Let s(g) = g**2 + g - 7. Calculate the remainder when 50 is divided by s(-5).
11
Suppose 0 = 3*f + f + 16. Let n be (0 - -7)/(f + 5). Suppose n*u - 2*u - 60 = 0. What is the remainder when 35 is divided by u?
11
Let u(i) = i**2 + 5*i - 9. Let w be u(-7). Suppose -5*o - 10 = -w*z, -4*o + z = -z. Suppose -p + 0*p + 4 = 0. Calculate the remainder when p is divided by o.
0
Suppose -7*o + 275 = -3*o - 3*i, o - 2*i - 65 = 0. What is the remainder when o is divided by 9?
8
Ca